rime number?
True
Is 948461 composite?
True
Is 83891 prime?
True
Is 207227 a prime number?
True
Is 87883 prime?
False
Is 4907 prime?
False
Is 15571 a prime number?
False
Is 7753 a composite number?
False
Is 181061 prime?
True
Is 385394 a prime number?
False
Is 62993 a prime number?
False
Is 7631 a prime number?
False
Is 7039 prime?
True
Is 170627 prime?
True
Is 7801 a prime number?
False
Is 90931 a prime number?
True
Is 253309 a composite number?
True
Is 209894 a prime number?
False
Is 8101 a prime number?
True
Is 10123 a composite number?
True
Is 1426911 a composite number?
True
Is 14591 a composite number?
False
Is 845879 a composite number?
False
Is 1428277 composite?
True
Is 14253 prime?
False
Is 15679 composite?
False
Is 264091 a prime number?
True
Is 626667 prime?
False
Is 10691 a prime number?
True
Is 30131 a composite number?
True
Is 544367 a composite number?
False
Is 2133167 prime?
True
Is 236981 a prime number?
True
Is 650618 a composite number?
True
Is 3657517 composite?
False
Is 135413 a prime number?
False
Is 19237 a prime number?
True
Is 1116035 a composite number?
True
Is 54898 a composite number?
True
Is 599927 a composite number?
False
Is 6189 prime?
False
Is 1041 prime?
False
Is 38113 prime?
True
Is 94513 a composite number?
False
Is 17957 composite?
False
Is 138739 prime?
True
Is 7283 composite?
False
Is 145949 composite?
False
Is 1527 composite?
True
Is 103511 a composite number?
False
Is 661663 composite?
False
Is 1321927 a composite number?
False
Is 168617 composite?
False
Is 17603 prime?
False
Is 8803 a composite number?
False
Is 37 a composite number?
False
Is 24197 prime?
True
Is 1728593 a composite number?
False
Is 48903 prime?
False
Is 208739 composite?
False
Is 954461 composite?
False
Is 44789 prime?
True
Is 979457 composite?
False
Is 338966 a prime number?
False
Is 17377 a composite number?
False
Is 23507 prime?
False
Is 37841 a prime number?
False
Is 1182667 composite?
True
Is 142357 a prime number?
True
Is 13894 a prime number?
False
Is 32957 a composite number?
False
Is 18397 prime?
True
Is 3511 a composite number?
False
Is 130807 a prime number?
True
Is 521 composite?
False
Is 293123 composite?
False
Is 41161 a composite number?
False
Is 741491 a composite number?
False
Is 465023 prime?
False
Is 45943 a prime number?
True
Is 1229303 prime?
False
Is 1643513 composite?
False
Is 133642 a prime number?
False
Is 25561 a composite number?
False
Is 138727 a composite number?
False
Is 28337 a composite number?
True
Is 373639 composite?
True
Is 631 composite?
False
Is 12437 composite?
False
Is 153991 a prime number?
True
Is 22735 composite?
True
Is 1737118 prime?
False
Is 11539 prime?
False
Is 871 prime?
False
Is 202307 prime?
False
Is 21001 composite?
False
Is 3507997 a prime number?
True
Is 74257 a composite number?
False
Is 2622289 composite?
True
Is 25429 a composite number?
True
Is 8641 prime?
True
Is 27179 a composite number?
False
Is 48847 prime?
True
Is 35519 a composite number?
True
Is 24859 a composite number?
False
Is 622781 a composite number?
False
Is 1338319 a composite number?
False
Is 477573 prime?
False
Is 84263 composite?
False
Is 970747 a prime number?
True
Is 1043617 a composite number?
False
Is 2741 a composite number?
False
Is 1693 composite?
False
Is 5951 a composite number?
True
Is 10007 a composite number?
False
Is 47501 prime?
True
Is 175627 a prime number?
False
Is 9529 composite?
True
Is 13063 prime?
True
Is 179779 prime?
True
Is 34781 a composite number?
False
Is 52981 prime?
True
Is 158 a prime number?
False
Is 1249 a prime number?
True
Is 65818 prime?
False
Is 14519 prime?
True
Is 6142207 prime?
True
Is 16811 composite?
False
Is 27923 a composite number?
True
Is 1577 composite?
True
Is 20017 a prime number?
False
Is 240641 a composite number?
False
Is 274301 composite?
False
Is 349213 a composite number?
True
Is 1156483 a prime number?
True
Is 390509 a prime number?
False
Is 1540399 composite?
True
Is 910519 prime?
True
Is 87799 a composite number?
True
Is 503 a prime number?
True
Is 121 a composite number?
True
Is 31303 composite?
True
Is 1808617 prime?
True
Is 404773 prime?
True
Is 5033 prime?
False
Is 171007 a composite number?
False
Is 51227 a prime number?
False
Is 19187 a prime number?
False
Is 106 a composite number?
True
Is 470755 a composite number?
True
Is 48281 a composite number?
False
Is 27673 a prime number?
True
Is 64789 a prime number?
False
Is 20431 composite?
False
Is 3551 a prime number?
False
Is 46021 a prime number?
True
Is 3355945 a prime number?
False
Is 15517 a prime number?
False
Is 561757 a composite number?
True
Is 191329 composite?
True
Is 1246697 a prime number?
True
Is 52879 prime?
True
Is 2741 a prime number?
True
Is 13289 a composite number?
True
Is 343409 a composite number?
True
Is 205759 a composite number?
False
Is 652499 a prime number?
True
Is 64109 a prime number?
True
Is 3691 a prime number?
True
Is 79115 prime?
False
Is 198461 composite?
False
Is 6731 composite?
True
Is 1008499 prime?
True
Is 281459 prime?
False
Is 21145 composite?
True
Is 571289 a prime number?
False
Is 1101827 composite?
True
Is 113557 composite?
False
Is 700303 composite?
False
Is 50299 a composite number?
True
Is 86299 composite?
True
Is 147053 a prime number?
False
Is 1143231 composite?
True
Is 588631 composite?
False
Is 18805 composite?
True
Is 29333 a composite number?
False
Is 18922 prime?
False
Is 3901 a prime number?
False
Is 130574 prime?
False
Is 2741 a prime number?
True
Is 11474 composite?
True
Is 92737 prime?
True
Is 5461 a prime number?
False
Is 29597 composite?
True
Is 1016299 composite?
True
Is 2707 prime?
True
Is 6139 a composite number?
True
Is 2819 a prime number?
True
Is 49597 a composite number?
False
Is 1079 prime?
False
Is 2091211 a prime number?
True
Is 126223 a prime number?
True
Is 83309 prime?
False
Is 39313 composite?
False
Is 355693 a composite number?
True
Is 143441 a prime number?
False
Is 445289 prime?
False
Is 1009 a prime number?
True
Is 12107 a prime number?
True
Is 9521 a prime number?
True
Is 6143 prime?
True
Is 19139 prime?
True
Is 65497 a composite number?
False
Is 14143 prime?
True
Is 79457 composite?
True
Is 16477 a prime number?
True
Is 19661 a composite number?
False
Is 449 composite?
False
Is 737 a prime number?
False
Is 10007 a composite number?
False
Is 6823 composite?
False
Is 1566731 composite?
False
Is 15569 a prime number?
True
Is 4851683 prime?
True
Is 225023 composite?
False
Is 5209 composite?
False
Is 19862 a composite number?
True
Is 16097 a prime number?
True
Is 2749 a prime number?
True
Is 1765105 prime?
False
Is 585433 prime?
False
Is 3221 composite?
False
Is 112687 prime?
True
Is 10499 a composite number?
False
Is 697579 a prime number?
True
Is 83203 composite?
False
Is 345959 a composite number?
True
Is 2121305 a prime number?
False
Is 151705 prime?
False
Is 1084871 a prime number?
True
Is 22049 a composite number?
True
Is 38945 a prime number?
False
Is 1061 prime?
True
Is 3970313 composite?
False
Is 307159 prime?
False
Is 216551 a composite number?
False
Is 1194493 a composite number?
False
Is 34049 composite?
True
Is 56299 a composite number?
False
Is 271571 a prime number?
True
Is 10389 a prime number?
False
Is 20513 a composite number?
True
Is 3651083 composite?
False
Is 8057 prime?
False
Is 38531 composite?
True
Is 9743 a composite number?
False
Is 7433 a prime number?
True
Is 1205027 a prime number?
True
Is 45651 a prime number?
False
Is 134909 a prime number?
True
Is 9871 a composite number?
False
Is 10399 prime?
True
Is 525817 a prime number?
True
Is 71189 a composite number?
True
Is 381263 prime?
False
Is 26339 composite?
False
Is 778391 prime?
True
Is 420531 composite?
True
Is 86851 composite?
False
Is 8839 prime?
True
Is 64363 a prime number?
False
Is 3474331 a composite number?
True
Is 63241 a prime number?
True
Is 7063 composite?
True
Is 74321 a composite number?
True
Is 45393 composite?
True
Is 1197739 a composite number?
False
Is 6779 a prime number?
True
Is 2974967 composite?
False
Is 883 a composite number?
False
Is 5051 composite?
False
Is 11614271 a prime number?
True
Is 86813 a composite number?
False
Is 42899 composite?
False
Is 89891 a prime number?
True
Is 327229 a prime number?
False
Is 118065